 common factor of 1872 and i?
36
Let u(i) = -865*i + 7469. Let s be u(-25). What is the greatest common divisor of 156 and s?
78
Suppose -5*m + 38 = -102. Suppose -2151 - 376 = -1174*p + 4517. What is the highest common divisor of p and m?
2
Suppose 115*b - 113*b = -16, -4*i = -4*b - 96. What is the greatest common factor of i and 732?
4
Suppose x = -66 - 99. Let n be x/20*16/(-6). Let f = 72 - n. Calculate the greatest common divisor of f and 10.
10
Let l = -60131 + 98544. Calculate the highest common divisor of 107 and l.
107
Suppose -7223 + 2183 = -21*j. Calculate the greatest common divisor of j and 300.
60
Let i be (78/4)/((-2)/(-20)*1). Let v = 10 - 6. Suppose -2*q + 3*n = -i, 213 = v*q - 2*q + 3*n. What is the highest common factor of 17 and q?
17
Let t be 3/((-12)/110)*((-20677)/145 - 31). What is the greatest common divisor of 1232 and t?
154
Suppose -4*t = -16*t + 384. Let k be -460*(3 - -2)*8/(-50). What is the greatest common factor of k and t?
16
Let d = 163 + -115. Suppose 0 = -38*k + d*k - 650. Calculate the greatest common divisor of 26 and k.
13
Suppose 1356*h - 1362*h = -6. Let f be 29*((-8)/(-12) - h/(-3)). Calculate the highest common divisor of 1537 and f.
29
Let c(z) = 6*z + 11. Let w(l) = l**2 - 9*l + 12. Let a be w(8). Suppose a*o - 25 = 19. Let g be c(o). What is the highest common divisor of 7 and g?
7
Suppose -6*n - 21 + 3 = 0. Let w be (n/(-2))/((-16)/32). Let l be w*1/1 - (-36 + 23). What is the greatest common divisor of l and 2?
2
Suppose 0*s + 4*s = -4*s. Let m be 15/(-10)*(-50 - s). Calculate the highest common divisor of 350 and m.
25
Let h(t) = 36*t**2 - 25*t + 29. Let s be h(1). What is the greatest common factor of 540 and s?
20
Suppose -4*b - 6*d + 12 = -5*b, -4*b + d + 21 = 0. Calculate the greatest common divisor of 547 and b.
1
Suppose -2149 = -15*c + 10001. Calculate the highest common divisor of c and 390.
30
Let a be 196/(-42)*2/(-8)*6. Suppose 8*y - 581 = 35. Calculate the highest common divisor of a and y.
7
Suppose 1 = 4*j - 15, -55 = -3*l - j. Let y be 52/20 - 3 - 1309/(-35). Let w = l + y. What is the greatest common factor of 135 and w?
27
Let c(d) = 81*d - 1203. Let v be c(15). Calculate the highest common factor of v and 2148.
12
Suppose -3*b - 5*v = 744, -b - 2*v - 1259 = 4*b. Let i = -11 - b. What is the greatest common divisor of 22 and i?
22
Let k be -1 - -936 - -6 - -4. Calculate the highest common divisor of 147 and k.
21
Let o be 2*(-209)/22*-4. Calculate the greatest common factor of o and 1178.
38
Suppose 23*k = 19*k + m + 115, -k - m + 25 = 0. Calculate the highest common divisor of 5026 and k.
14
Let r = -68 - -58. Let t be (-14)/(42/(-145)) - r/6. Calculate the highest common divisor of 50 and t.
50
Let w = -300 + 426. Suppose -3*g + r = -536 + 158, 0 = -g - 2*r + w. Calculate the highest common factor of g and 72.
18
Let u(l) = -7 - 1 - l + 10 + 2. Let d be u(-15). Suppose -2*y = d - 183. Calculate the greatest common divisor of y and 123.
41
Suppose 6*r - r - 65 = 0. Let n = -21 + r. Let k be (2 - -1) + (-208)/n. Calculate the greatest common factor of 203 and k.
29
Suppose -l + c = -121, -4*l + 2*c + 3*c = -488. What is the highest common divisor of 13 and l?
13
Let x = 80 - 71. Let m(t) = 14*t - 23. Let r be m(x). Let s = -39 + r. Calculate the greatest common factor of 8 and s.
8
Let t be ((-112)/40)/(6/(-180)). Calculate the greatest common factor of t and 1500.
12
Let j be ((20 + -12)*(2 + -1))/2. Suppose -j*i + 100 = -8. Suppose -171*b - 792 = -182*b. Calculate the greatest common factor of i and b.
9
Let c be -1 - (1 - -4 - 26). What is the greatest common factor of c and 3010?
10
Suppose -251*i = -249*i - 12. Suppose 2*u - 23 - 35 = 0. Let q = 19 + u. What is the greatest common factor of i and q?
6
Suppose 3872*x - 3834*x + 2375 - 17575 = 0. Suppose 0*d + 4*c = 2*d - 68, -92 = -2*d - 4*c. Calculate the highest common factor of d and x.
40
Suppose -2*g + 25*t - 26*t + 470 = 0, 0 = g - 4*t - 244. Suppose -4*x + 2*h + 232 = 0, -5*x + h = -x - g. Calculate the greatest common factor of 390 and x.
30
Suppose -15 = -51*u + 46*u. Let s(g) = 2*g**2 - g - 5. Let i be s(u). Calculate the greatest common factor of i and 35.
5
Let v = -10989 - -11389. What is the highest common divisor of v and 64?
16
Suppose -239*k - 150 = -249*k. What is the greatest common divisor of k and 520?
5
Let p = -3123583 + 3123695. Let v(o) = o**3 + 6*o**2 + 5*o. Let a be v(-5). Suppose a = -2*y + y + 7. Calculate the highest common factor of y and p.
7
Suppose 0*z = -3*z + 210. Suppose 12*a - 7*a + 5*s = -150, -3*a = -s + 82. Let t = a + z. Calculate the greatest common factor of t and 21.
21
Suppose 0 = 16*k + 10428 - 41164. Suppose n + 772 = 4*j - k, n + 3365 = 5*j. Calculate the greatest common factor of 42 and j.
42
Let w = -118 + 184. Suppose 22 = -2*t + w. Let n = 41 - t. Calculate the greatest common divisor of n and 76.
19
Let s = -91514 - -91538. Let p(x) = 36*x. Let f be p(1). What is the highest common divisor of s and f?
12
Let t be (-25)/((-250)/9130) + -10. What is the highest common divisor of 215 and t?
43
Let g = 18968 - 3571. Calculate the greatest common factor of g and 89.
89
Let u be 1/3*-3 + 7. Let f be (-5)/((8/u)/2 - 1). Suppose 105*n - 160 = 89*n. Calculate the highest common factor of f and n.
5
Suppose 0 = 62*f - 64*f + 3*z + 49, -3*f + 2*z = -76. Calculate the highest common divisor of 42 and f.
2
Let m(y) = y**3 + 21*y**2 + 1663*y + 34935. Let h be m(-21). Let t = -786 + 1170. Calculate the highest common divisor of t and h.
12
Let h be (-18)/(-1)*13/2. Let n = -83 + h. What is the highest common divisor of 34 and n?
34
Let m(z) = -9*z + 45. Let p be m(4). Let v(g) = 2*g**3 - 9*g**2 - 31*g. Let c be v(p). Calculate the highest common divisor of c and 25.
25
Suppose 135*c - 110455 - 364917 = 77588. Calculate the greatest common divisor of 16 and c.
16
Suppose -105*v + 42 = -104*v. Let j = 233 + -135. What is the highest common factor of j and v?
14
Suppose -216 = -585*v + 558*v. Let y(i) = 2*i - 4. Let x be y(9). Let p = x + -6. Calculate the highest common factor of p and v.
8
Let m(y) = 7*y**2 + 42*y - 40. Let s be m(-8). Calculate the highest common factor of s and 762.
6
Let t be 4/(-72)*4 - (-249)/27. Let o(n) = 32*n. Let b be o(t). What is the highest common factor of 36 and b?
36
Let f be 20/(-8)*-11*11/(220/48). What is the highest common divisor of f and 42?
6
Suppose 0 = j + 1, -c + j + 9 + 17 = 0. What is the highest common divisor of 80 and c?
5
Suppose 22 = -0*z + z - 3*c, z - 14 = -c. Let q = -317618 - -317634. What is the highest common factor of q and z?
16
Suppose 0 = -5*o + 5, 324*o = -3*p + 320*o + 16000. What is the highest common divisor of p and 602?
86
Suppose 56 = 3*w + 5*o, 6*w - w - 40 = 5*o. Let c = 726 + -313. Let h = -401 + c. Calculate the highest common divisor of h and w.
12
Suppose 0 = -4*b + 25418 - 24010. What is the greatest common factor of 32 and b?
32
Suppose 328 = 33*o - 25*o. Suppose 5 = 5*j + 2*f + f, -o = -4*j + 5*f. Suppose 0*r - j*r = -624. Calculate the highest common divisor of r and 52.
52
Let h(y) = y**3 + 13*y**2 - 65*y + 60. Let s be h(-17). Calculate the highest common factor of s and 567.
9
Suppose 4*p + 13*s - 133 = 8*s, p + 5*s - 52 = 0. Calculate the greatest common factor of 504 and p.
9
Let x be -10 + 3 + (1 - 50)/((-15)/15). What is the highest common divisor of x and 1834?
14
Suppose -190 = -13*p + 3*p. Let n(m) = -m**2 + 21*m - 25. Let x be n(p). What is the greatest common divisor of x and 104?
13
Let i be 6327/15 + (-12)/(-1)*17/170. What is the highest common divisor of 9 and i?
9
Let z(i) = 12*i - 17. Let y be 4/12 + 22/6. Suppose y*o - 24 = -5*x - 0*x, 4*o - 24 = 5*x. Let n be z(o). What is the greatest common divisor of n and 11?
11
Suppose -4*n + 34 = 2. Suppose 374 + 215 = -31*m. Let u(p) = p**2 + 22*p + 58. Let o be u(m). What is the greatest common factor of o and n?
1
Let y(u) = u**3 - 16*u**2 - 96*u + 1689. Let b be y(15). Calculate the greatest common factor of b and 3.
3
Let x be (117/6)/(6/12). Let d(a) = -15*a**3 + 2*a**2 + 6. Let v be d(-3). Calculate the highest common factor of v and x.
39
Suppose 1851 - 7197 = -9*m. Suppose m = 6*u - 198. What is the greatest common divisor of 12 and u?
12
